{"id":480,"date":"2022-10-20T20:16:58","date_gmt":"2022-10-20T20:16:58","guid":{"rendered":"https:\/\/electrymec.cl\/?page_id=480"},"modified":"2023-05-31T03:53:41","modified_gmt":"2023-05-31T03:53:41","slug":"480-2","status":"publish","type":"page","link":"https:\/\/electrymec.cl\/","title":{"rendered":""},"content":{"rendered":"\n<div class=\"wp-block-cover alignfull is-light has-parallax animated flash\" style=\"background-image:url(https:\/\/electrymec.cl\/wp-content\/uploads\/2022\/10\/20220910_110707-3-1024x559.jpg);min-height:323px\"><span aria-hidden=\"true\" class=\"wp-block-cover__background has-background-dim\"><\/span><div class=\"wp-block-cover__inner-container\">\n<p class=\"has-text-align-center animated fadeInDown slow has-base-3-color has-text-color\" style=\"font-size:48px;text-transform:uppercase\"><strong>Electricidad y automatizaci\u00f3n<\/strong> <strong>industrial<\/strong><\/p>\n<\/div><\/div>\n\n\n\n<hr class=\"wp-block-separator has-text-color has-alpha-channel-opacity has-background animated backInRight is-style-default\" style=\"background-color:#f1cf0a;color:#f1cf0a\"\/>\n\n\n\n<div class=\"wp-container-1 is-content-justification-center wp-block-buttons\">\n<div class=\"wp-block-button aligncenter has-custom-font-size is-style-fill\" style=\"font-size:23px\"><a class=\"wp-block-button__link has-luminous-dusk-gradient-background has-background\" href=\"https:\/\/electrymec.cl\/index.php\/nuestros-servicios\/\" style=\"border-radius:10px\" rel=\"https:\/\/electrymec.cl\/index.php\/nuestros-servicios\/\"><strong>NUESTROS SERVICIOS<\/strong><\/a><\/div>\n<\/div>\n\n\n\n<hr class=\"wp-block-separator has-text-color has-alpha-channel-opacity has-background is-style-default animated backInRight\" style=\"background-color:#dcb528;color:#dcb528\"\/>\n\n\n\n<div class=\"wp-container-5 wp-block-columns\">\n<div class=\"wp-container-2 wp-block-column\">\n<div class=\"wp-block-cover animated fadeInRightBig\" style=\"min-height:315px\"><span aria-hidden=\"true\" class=\"wp-block-cover__background has-background-dim-60 has-background-dim\"><\/span><img loading=\"lazy\" width=\"1024\" height=\"950\" class=\"wp-block-cover__image-background wp-image-472\" alt=\"\" src=\"https:\/\/electrymec.cl\/wp-content\/uploads\/2022\/10\/IMG_20220414_115930-1024x950.jpg\" data-object-fit=\"cover\" srcset=\"https:\/\/electrymec.cl\/wp-content\/uploads\/2022\/10\/IMG_20220414_115930-1024x950.jpg 1024w, https:\/\/electrymec.cl\/wp-content\/uploads\/2022\/10\/IMG_20220414_115930-300x278.jpg 300w, https:\/\/electrymec.cl\/wp-content\/uploads\/2022\/10\/IMG_20220414_115930-768x712.jpg 768w, https:\/\/electrymec.cl\/wp-content\/uploads\/2022\/10\/IMG_20220414_115930-1536x1425.jpg 1536w, https:\/\/electrymec.cl\/wp-content\/uploads\/2022\/10\/IMG_20220414_115930-2048x1900.jpg 2048w\" sizes=\"(max-width: 1024px) 100vw, 1024px\" \/><div class=\"wp-block-cover__inner-container\">\n<p class=\"has-text-align-center animated bounceInDown has-base-3-color has-text-color\" style=\"font-size:38px\"><strong>INGENIER\u00cdA Y EJECUCI\u00d3N DE PROYECTOS<\/strong><\/p>\n<\/div><\/div>\n<\/div>\n\n\n\n<div class=\"wp-container-3 wp-block-column\">\n<div class=\"wp-block-cover animated fadeInUp\" style=\"min-height:318px\"><span aria-hidden=\"true\" class=\"wp-block-cover__background has-background-dim\"><\/span><img loading=\"lazy\" width=\"1200\" height=\"1600\" class=\"wp-block-cover__image-background wp-image-968\" alt=\"\" src=\"https:\/\/electrymec.cl\/wp-content\/uploads\/2023\/05\/WhatsApp-Image-2023-05-27-at-09.53.32.jpeg\" data-object-fit=\"cover\" srcset=\"https:\/\/electrymec.cl\/wp-content\/uploads\/2023\/05\/WhatsApp-Image-2023-05-27-at-09.53.32.jpeg 1200w, https:\/\/electrymec.cl\/wp-content\/uploads\/2023\/05\/WhatsApp-Image-2023-05-27-at-09.53.32-225x300.jpeg 225w, https:\/\/electrymec.cl\/wp-content\/uploads\/2023\/05\/WhatsApp-Image-2023-05-27-at-09.53.32-768x1024.jpeg 768w, https:\/\/electrymec.cl\/wp-content\/uploads\/2023\/05\/WhatsApp-Image-2023-05-27-at-09.53.32-1152x1536.jpeg 1152w\" sizes=\"(max-width: 1200px) 100vw, 1200px\" \/><div class=\"wp-block-cover__inner-container\">\n<p class=\"has-text-align-center animated bounceInDown has-base-3-color has-text-color\" style=\"font-size:40px\"><strong>INDUSTRIA<\/strong><\/p>\n<\/div><\/div>\n<\/div>\n\n\n\n<div class=\"wp-container-4 wp-block-column\">\n<div class=\"wp-block-cover animated fadeInLeftBig\" style=\"min-height:318px\"><span aria-hidden=\"true\" class=\"wp-block-cover__background has-background-dim\"><\/span><img loading=\"lazy\" width=\"1024\" height=\"999\" class=\"wp-block-cover__image-background wp-image-379\" alt=\"\" src=\"https:\/\/electrymec.cl\/wp-content\/uploads\/2022\/10\/IMG_7813-1024x999.png\" data-object-fit=\"cover\" srcset=\"https:\/\/electrymec.cl\/wp-content\/uploads\/2022\/10\/IMG_7813-1024x999.png 1024w, https:\/\/electrymec.cl\/wp-content\/uploads\/2022\/10\/IMG_7813-300x293.png 300w, https:\/\/electrymec.cl\/wp-content\/uploads\/2022\/10\/IMG_7813-768x749.png 768w, https:\/\/electrymec.cl\/wp-content\/uploads\/2022\/10\/IMG_7813.png 1284w\" sizes=\"(max-width: 1024px) 100vw, 1024px\" \/><div class=\"wp-block-cover__inner-container\">\n<p class=\"has-text-align-center animated bounceInDown\" style=\"font-size:38px\"><strong>MANTENIMIENTO INDUSTRIAL<\/strong><\/p>\n<\/div><\/div>\n<\/div>\n<\/div>\n\n\n\n<div class=\"wp-container-9 wp-block-columns\">\n<div class=\"wp-container-6 wp-block-column\">\n<p class=\"has-text-align-center animated fadeIn\"><em>El dise\u00f1o y la fabricaci\u00f3n de tableros el\u00e9ctricos es una de nuestras principales l\u00edneas de servicio. Desarrollamos trabajos en el apartado de automatizaci\u00f3n, distribuci\u00f3n, baja tensi\u00f3n, cuadros de control de motores, etc. <\/em><\/p>\n<\/div>\n\n\n\n<div class=\"wp-container-7 wp-block-column\">\n<p class=\"has-text-align-center animated fadeIn\"><em>Disponemos de capacidad y amplia experiencia en trabajos de montaje industrial, tanto en obra nueva, como en revamping, para proyectos de gran envergadura y de peque\u00f1o tama\u00f1o, comprendiendo e implementando los objetivos de nuestros clientes.<\/em><\/p>\n<\/div>\n\n\n\n<div class=\"wp-container-8 wp-block-column\">\n<p class=\"has-text-align-center animated fadeIn\"><em>Somos una empresa orientada en brindar un servicio eficaz, comprometido con nuestros clientes y amparado en los m\u00e1s altos est\u00e1ndares de calidad en el rubro ligado al mantenimiento, a la reparaci\u00f3n y la automatizaci\u00f3n de equipos industriales y domiciliarios. <\/em><\/p>\n<\/div>\n<\/div>\n\n\n\n<div class=\"wp-container-13 wp-block-columns\">\n<div class=\"wp-container-10 wp-block-column\">\n<figure class=\"wp-block-pullquote animated fadeInRightBig has-border-color has-base-3-border-color has-accent-color has-text-color\" style=\"border-style:dashed;font-style:italic;font-weight:700\"><blockquote><p>Cooperaci\u00f3n<\/p><cite>\u00c9tica profesional<\/cite><\/blockquote><\/figure>\n<\/div>\n\n\n\n<div class=\"wp-container-11 wp-block-column\">\n<figure class=\"wp-block-pullquote animated fadeInDown has-accent-color has-text-color\" style=\"font-style:italic;font-weight:700\"><blockquote><p>Innovaci\u00f3n<\/p><cite>Atenci\u00f3n<\/cite><\/blockquote><\/figure>\n<\/div>\n\n\n\n<div class=\"wp-container-12 wp-block-column\">\n<figure class=\"wp-block-pullquote animated fadeInLeftBig has-accent-color has-text-color\" style=\"font-style:italic;font-weight:700\"><blockquote><p>Confianza<\/p><cite>Compromiso<\/cite><\/blockquote><\/figure>\n<\/div>\n<\/div>\n\n\n\n<div class=\"wp-container-18 wp-block-columns\">\n<div class=\"wp-container-17 wp-block-column animated backInDown\">\n<hr class=\"wp-block-separator has-alpha-channel-opacity\"\/>\n\n\n<div class=\"wp-block-image\">\n<figure class=\"aligncenter size-full\"><img loading=\"lazy\" width=\"421\" height=\"218\" src=\"https:\/\/electrymec.cl\/wp-content\/uploads\/2022\/10\/correcto-verde-icono-esta-bien-2.png\" alt=\"\" class=\"wp-image-490\" srcset=\"https:\/\/electrymec.cl\/wp-content\/uploads\/2022\/10\/correcto-verde-icono-esta-bien-2.png 421w, https:\/\/electrymec.cl\/wp-content\/uploads\/2022\/10\/correcto-verde-icono-esta-bien-2-300x155.png 300w\" sizes=\"(max-width: 421px) 100vw, 421px\" \/><\/figure><\/div>\n\n\n<div class=\"wp-container-16 wp-block-columns\">\n<div class=\"wp-container-14 wp-block-column\"><div class=\"wp-block-image\">\n<figure class=\"aligncenter size-full is-resized\"><img loading=\"lazy\" src=\"https:\/\/electrymec.cl\/wp-content\/uploads\/2022\/10\/Captura0-1.jpg\" alt=\"\" class=\"wp-image-491\" width=\"139\" height=\"137\"\/><\/figure><\/div><\/div>\n\n\n\n<div class=\"wp-container-15 wp-block-column\"><div class=\"wp-block-image\">\n<figure class=\"aligncenter size-full is-resized\"><img loading=\"lazy\" src=\"https:\/\/electrymec.cl\/wp-content\/uploads\/2022\/10\/Captura1-1.jpg\" alt=\"\" class=\"wp-image-492\" width=\"140\" height=\"126\"\/><\/figure><\/div><\/div>\n<\/div>\n<\/div>\n<\/div>\n\n\n\n<div class=\"wp-container-21 wp-block-columns\">\n<div class=\"wp-container-19 wp-block-column\">\n<p class=\"animated fadeInRight\"><em>Transformar el conocimiento obtenido en valor para el beneficio de cada uno de nuestros clientes, nuestra gente y los mercados.<\/em><\/p>\n\n\n\n<p class=\"animated fadeInRight\"><em>No solo llegar a ser un proveedor de excelencia sino ser asesores integrales que proporcionan soluciones de valor para nuestros clientes, transform\u00e1ndolos en un aporte para el desarrollo tecnol\u00f3gico del pa\u00eds.<\/em><\/p>\n<\/div>\n\n\n\n<div class=\"wp-container-20 wp-block-column\">\n<p class=\"animated fadeInLeft\"><em>Transformar el conocimiento obtenido en valor para el beneficio de cada uno de nuestros clientes, nuestra gente y los mercados.<\/em><\/p>\n\n\n\n<p class=\"animated fadeInLeft\"><em>No solo llegar a ser un proveedor de excelencia sino ser asesores integrales que proporcionan soluciones de valor para nuestros clientes, transform\u00e1ndolos en un aporte para el desarrollo tecnol\u00f3gico del pa\u00eds.<\/em><\/p>\n<\/div>\n<\/div>\n\n\n\n<p><\/p>\n\n\n\n<div class=\"wp-container-23 wp-block-columns\">\n<div class=\"wp-container-22 wp-block-column is-vertically-aligned-center animated fadeIn has-base-3-background-color has-background\">\n<hr class=\"wp-block-separator has-alpha-channel-opacity is-style-wide\"\/>\n<\/div>\n<\/div>\n\n\n\n<p class=\"has-text-align-right animated fadeInBottomLeft has-medium-font-size\"><a href=\"https:\/\/electrymec.cl\/\">Cont\u00e1ctanos 09:00 &#8211; 18:30 hrs<\/a><\/p>\n\n\n\n<p class=\"has-text-align-right animated fadeInBottomLeft\">\u260f \/+ (569) 39 51 01 00 \/ + (652) 89 93 61 \/ \u260f<\/p>\n\n\n\n<hr class=\"wp-block-separator has-alpha-channel-opacity\"\/>\n\n\n\n        \r\n    <div>\r\n        <div id=\"h5ap69fcab0ea7765\" class=\"h5ap_standard_player\" style='width:100%;margin:0 auto;max-width: 100%;'>\r\n            <audio class=\"player\" playsinline controls  autoplay loop >\r\n                <source src=\"https:\/\/electrymec.cl\/wp-content\/uploads\/2022\/11\/0442.-Seaside-AShamaluevMusic.mp3\"  type=\"audio\/mp3\" \/>\r\n            <\/audio>\r\n        <\/div>\r\n    <\/div>\r\n\r\n    \n\n\n\n<p><\/p>\n","protected":false},"excerpt":{"rendered":"<p>El dise\u00f1o y la fabricaci\u00f3n de tableros el\u00e9ctricos es una de nuestras principales l\u00edneas de servicio. Desarrollamos trabajos en el apartado de automatizaci\u00f3n, distribuci\u00f3n, baja tensi\u00f3n, cuadros de control de motores, etc. Disponemos de capacidad y amplia experiencia en trabajos de montaje industrial, tanto en obra nueva, como en revamping, para proyectos de gran envergadura &#8230; <a title=\"\" class=\"read-more\" href=\"https:\/\/electrymec.cl\/\" aria-label=\"More on \">Read more<\/a><\/p>\n","protected":false},"author":1,"featured_media":0,"parent":0,"menu_order":1,"comment_status":"closed","ping_status":"closed","template":"","meta":{"ngg_post_thumbnail":0},"_links":{"self":[{"href":"https:\/\/electrymec.cl\/index.php\/wp-json\/wp\/v2\/pages\/480"}],"collection":[{"href":"https:\/\/electrymec.cl\/index.php\/wp-json\/wp\/v2\/pages"}],"about":[{"href":"https:\/\/electrymec.cl\/index.php\/wp-json\/wp\/v2\/types\/page"}],"author":[{"embeddable":true,"href":"https:\/\/electrymec.cl\/index.php\/wp-json\/wp\/v2\/users\/1"}],"replies":[{"embeddable":true,"href":"https:\/\/electrymec.cl\/index.php\/wp-json\/wp\/v2\/comments?post=480"}],"version-history":[{"count":26,"href":"https:\/\/electrymec.cl\/index.php\/wp-json\/wp\/v2\/pages\/480\/revisions"}],"predecessor-version":[{"id":970,"href":"https:\/\/electrymec.cl\/index.php\/wp-json\/wp\/v2\/pages\/480\/revisions\/970"}],"wp:attachment":[{"href":"https:\/\/electrymec.cl\/index.php\/wp-json\/wp\/v2\/media?parent=480"}],"curies":[{"name":"wp","href":"https:\/\/api.w.org\/{rel}","templated":true}]}}